185*s - 2230. What is m(172)?
6
Let l(r) = 108*r + 1351. Determine l(-13).
-53
Let r(x) = -x**3 - 36*x**2 + 89*x + 361. Determine r(-38).
-133
Let f(t) = 135*t - 646. What is f(5)?
29
Let u(k) = -k**2 - 5971*k - 71493. Determine u(-12).
15
Let l(n) = -n**3 - 7*n**2 + 15*n - 166. Give l(-10).
-16
Let s(z) = -663*z + 664. Give s(1).
1
Let k(p) = -52*p - 690. Calculate k(-13).
-14
Let d(r) = 5*r**2 - 5*r - 16. Calculate d(6).
134
Let k(h) = -h**3 + 23*h**2 + 4*h. Determine k(23).
92
Let y(k) = k**2 + 286*k + 19222. Determine y(-178).
-2
Let i(p) = p**2 + 10*p - 49. Give i(3).
-10
Let b(p) = 44*p - 490. Determine b(12).
38
Let u(s) = -2*s**2 - 6*s + 9. What is u(3)?
-27
Let r(q) = 18*q**2 - 309*q + 328. Calculate r(16).
-8
Let u(o) = -2386*o - 23864. What is u(-10)?
-4
Let x(s) = s**3 + 32*s**2 - 116*s - 3702. Calculate x(-32).
10
Let u(z) = -12*z - 399. What is u(-33)?
-3
Let q(p) = 3*p**2 - 8*p - 17. Give q(8).
111
Let v(p) = 2*p**3 + 75*p**2 - 119*p - 95. Calculate v(-39).
-17
Let t(i) = i**3 - 3*i**2 - 26*i + 74. What is t(5)?
-6
Let o(g) = -2*g**2 + 20*g - 35. Give o(8).
-3
Let k(r) = 4*r**2 + 27*r + 13. Give k(-8).
53
Let v(r) = 111*r - 2890. What is v(26)?
-4
Let m(d) = -3216*d + 6420. Determine m(2).
-12
Let r(h) = -33*h + 75. Calculate r(2).
9
Let q(n) = -n**2 + 13*n + 25. What is q(22)?
-173
Let t(o) = 27*o - 788. What is t(23)?
-167
Let n(r) = -665*r - 22603. What is n(-34)?
7
Let k(o) = -7*o**2 - 7*o + 7. Give k(-5).
-133
Let m(s) = 42*s - 5541. Determine m(132).
3
Let j(s) = s**3 + 7*s**2 + 19*s + 45. Determine j(-4).
17
Let a(j) = j**3 + 4*j**2 + 8*j + 11. What is a(-3)?
-4
Let o(b) = -23*b**2 + 260*b + 1044. What is o(-4)?
-364
Let d(j) = -j**3 - 24*j**2 - 144*j + 60. Calculate d(-11).
71
Let u(m) = 360*m + 9013. Give u(-25).
13
Let r(x) = 148*x**2 + 2*x - 2. Calculate r(1).
148
Let t(u) = -89*u**2 + 15*u - 16. What is t(1)?
-90
Let m(v) = -65*v - 323. Calculate m(-6).
67
Let d(k) = -4*k**2 - 45*k - 114. Give d(-8).
-10
Let x(m) = -20*m**3 + 8*m**2 + 2*m - 4. Give x(1).
-14
Let g(d) = -54*d**2 - 286*d - 7. What is g(-6)?
-235
Let v(l) = 5*l**2 + 28*l + 6. Calculate v(3).
135
Let z(d) = -138*d**2 + 827*d - 2. Determine z(6).
-8
Let f(u) = -3*u**2 - 12*u + 56. Determine f(-12).
-232
Let j(c) = c**3 - 4*c**2 - 4*c + 8. Determine j(-2).
-8
Let j(q) = q**3 - 22*q**2 + 44*q - 103. What is j(20)?
-23
Let j(x) = -22*x**3 + 13*x**2 - 10*x + 33. Calculate j(4).
-1207
Let r(g) = -3153*g - 9436. Calculate r(-3).
23
Let q(m) = m**3 + 41*m**2 - 46*m - 3444. Give q(-40).
-4
Let f(k) = 2*k**2 + 84*k + 551. Determine f(-27).
-259
Let o(v) = -90*v + 4. What is o(0)?
4
Let n(d) = -21*d - 434. What is n(-22)?
28
Let i(p) = -60*p + 2693. What is i(46)?
-67
Let m(a) = 95*a - 1238. Give m(13).
-3
Let b(q) = q + 8. Calculate b(-19).
-11
Let i(k) = 2*k**2 + k - 940. Calculate i(-22).
6
Let y(x) = -32*x - 599. Determine y(-18).
-23
Let l(k) = -2*k**3 - k**2 - 2*k. Give l(-1).
3
Let g(m) = -30*m**2 + 137*m + 424. Calculate g(-3).
-257
Let f(r) = -4*r**2 + 30*r - 5. Calculate f(9).
-59
Let g(b) = 2022*b + 20262. Give g(-10).
42
Let c(a) = -4*a**3 + 10*a**2 - 55*a + 178. Give c(3).
-5
Let f(j) = j**3 - 42*j**2 - 34*j - 243. What is f(43)?
144
Let f(k) = -k**3 - 13*k**2 - 16*k + 3. Give f(-13).
211
Let j(u) = -17*u + 832. Calculate j(44).
84
Let p(m) = -3*m**2 - 43*m + 81. Calculate p(-16).
1
Let j(n) = n**2 + 36*n + 79. Give j(-28).
-145
Let u(d) = -45*d + 95. Give u(9).
-310
Let y(t) = -60*t**2 - 642*t + 212. Determine y(-11).
14
Let n(g) = 3*g**2 - 368*g - 533. Calculate n(124).
-37
Let s(h) = 195*h - 1035. What is s(8)?
525
Let v(w) = -116*w + 1265. Determine v(11).
-11
Let h(m) = 756*m - 6823. Give h(9).
-19
Let h(o) = -o**3 - 49*o**2 - o - 52. Give h(-49).
-3
Let u(x) = -269*x - 3754. Calculate u(-14).
12
Let n(h) = h**2 + h + 86. Determine n(0).
86
Let l(v) = v**3 - 7*v**2 - v + 51. Determine l(3).
12
Let r(k) = -3571*k - 92853. What is r(-26)?
-7
Let m(f) = -538*f + 2146. Determine m(4).
-6
Let x(l) = 27*l + 71. What is x(-2)?
17
Let h(y) = y**3 + y**2 - 45*y + 18. Calculate h(6).
0
Let l(k) = -547*k + 8184. Determine l(15).
-21
Let t(f) = -2*f**3 + 14*f**2 + 4*f + 17. What is t(8)?
-79
Let d(c) = -4*c**3 + 4*c - 10. Calculate d(2).
-34
Let y(t) = 749*t + 8248. Determine y(-11).
9
Let b(g) = -17*g**2 - 274*g - 665. Determine b(-3).
4
Let r(n) = -29*n - 409. Calculate r(-5).
-264
Let f(r) = 12*r + 107. Calculate f(-19).
-121
Let k(a) = a**3 + 42*a**2 - 2708*a - 1004. Determine k(-77).
-3
Let p(q) = -5*q**3 + 54*q**2 + 5*q + 62. Give p(11).
-4
Let c(m) = 45*m + 151. Calculate c(-6).
-119
Let z(g) = 33*g - 120. What is z(4)?
12
Let h(j) = -379*j + 3676. What is h(10)?
-114
Let o(t) = -8*t**2 - 103*t + 8. What is o(-13)?
-5
Let w(t) = -t**3 - 30*t**2 - 225*t - 24. What is w(-17)?
44
Let v(d) = 82*d + 1786. What is v(-22)?
-18
Let f(o) = o**3 + 11*o**2 - 8*o - 163. Give f(-10).
17
Let z(m) = -13*m**2 + m + 3. Give z(1).
-9
Let h(s) = 5*s**3 + 77*s**2 + 23*s - 105. Determine h(-15).
0
Let m(n) = n**2 + 9*n - 85. Calculate m(-17).
51
Let s(i) = 653*i - 40489. Determine s(62).
-3
Let q(p) = p**3 - 22*p**2 - 22*p + 14. Give q(23).
37
Let f(m) = 357*m + 2526. Calculate f(-7).
27
Let i(a) = -21*a - 235. Calculate i(-14).
59
Let m(i) = 11*i**2 + 1699*i + 2452. Calculate m(-153).
4
Let o(p) = -p**3 - 50*p**2 + 120*p + 3490. Calculate o(-51).
-29
Let t(l) = -60*l + 2188. Determine t(34).
148
Let v(l) = 3*l**3 + 21*l**2 + 3*l + 26. Determine v(-7).
5
Let j(l) = -19*l**2 + 2*l + 15. Give j(2).
-57
Let y(z) = 4*z + 7. Give y(-8).
-25
Let b(p) = 88*p**3 + 8*p**2 + 22*p + 13. Determine b(-1).
-89
Let s(j) = -j**2 - 277*j - 2919. Give s(-266).
7
Let d(m) = m**3 - 80*m**2 - 64*m - 1379. Give d(81).
-2
Let j(y) = -y**2 + 66*y - 319. Calculate j(61).
-14
Let y(m) = 27*m + 5788. Give y(-214).
10
Let s(r) = 2*r**3 + 48*r**2 - 4*r - 36. Determine s(-24).
60
Let b(o) = 165*o + 484. Give b(-5).
-341
Let p(o) = 16*o**2 + 35*o + 108. Calculate p(-3).
147
Let a(p) = p**3 + p**2 + 46*p + 151. Give a(-3).
-5
Let n(b) = -95*b**2 + 1254*b + 1255. What is n(-1)?
-94
Let z(u) = -10*u**2 - 488*u + 98. Determine z(-49).
0
Let z(y) = y**2 + 10*y + 24. Determine z(-9).
15
Let c(x) = -x**3 + 65*x**2 + 79*x - 845. Determine c(66).
13
Let b(h) = 72*h - 691. Determine b(10).
29
Let c(l) = -l**3 + 72*l**2 + 394*l - 688. Give c(77).
5
Let w(u) = u**3 + 5*u**2 - 17*u - 109. Determine w(-6).
-43
Let m(p) = 918*p - 36702. Give m(40).
18
Let v(k) = -k**3 - 9*k**2 + 41*k + 31. Determine v(-13).
174
Let g(q) = -4684*q - 42154. Give g(-9).
2
Let d(w) = 2*w**2 + 20*w - 143. What is d(9)?
199
Let w(n) = -398*n**2 - 11939*n + 28. Give w(-30).
-2
Let b(v) = -23*v**2 + 80*v + 469. Determine b(-6).
-839
Let o(x) = 4*x**2 + 278*x - 18419. Give o(-111).
7
Let n(k) = -1649*k + 29747. Give n(18).
65
Let p(f) = -2*f**2 + 5672*f + 17034. Give p(-3).
0
Let i(n) = -n**3 - 23*n**2 + 423*n - 18. Give i(12).
18
Let b(g) = 5*g**3 + 151*g**2 - 2215*g - 43. Give b(-41).
-2
Let r(x) = 2*x**3 + 77*x**2 + 40*x + 19. Calculate r(-38).
-57
Let y(t) = -9*t - 483. Give y(-52).
-15
Let k(t) = -3*t**3 + 674*t**2 + 226*t - 214. Give k(225).
11
Let v(q) = q**3 - 26*q**2 + 59*q + 82. What is v(22)?
-556
Let c(f) = -4*f**2 + 123*f - 7. What is c(14)?
931
Let n(c) = -3*c**3 - 13*c**2 + 1282*c + 5120. Calculate n(-4).
-24
Let y(b) = -137*b**2 - 1093*b + 16. What is y(-8)?
-8
Let k(s) = -s**3 + 9*s**2 - 30*s - 11. Determine k(6).
-83
Let q(k) = -2*k**3 - 50*k**2 + 50*k - 52. Determine q(-26).
0
Let d(c) = -775*c - 20223. Give d(-26).
-73
Let g(r) = r**3 - 258*r - 7. What is g(16)?
-39
Let n(a) = -9*a**3 + 387*a**2 + a - 21. What is n(43)?
22
Let z(r) = 746*r - 7449. Calculate z(10).
11
Let w(d) = -35*d + 2762. What is w(80)?
-38
Let p(h) = 8*h**2 - 8*h - 44. Give p(3).
4
Let a(z) = z**3 + 55*z**2 + 576*z + 126. Calculate a(-41).
44
Let n(i) = -12*i**3 + i**2 - 6*i - 2. Calculate n(-4).
806
Let o(f) = f**2 + 25*f + 160. Calculate o(-8).
24
Let l(r) = -245*r - 62. Calculate l(-1).
183
Let p(m) = -129*m + 134. Determine p(1).
5
Let u(z) = 7*z**2 + 109*z - 34. What is u(-16)?
14
Let u(p) = -136*p + 11681. Calculate u(86).
-15
Let q(j) = -j**2 - 533*j - 16956. Give q(-34).
10
Let w(o) = 7*o**2 - 74*o - 934. Determine w(18).
2
Let d(b) = 8*b**